 5*a**2. Let p(l) = 44*l + 21. Let m(x) = 53*x + 21. Let b(o) = -5*m(o) + 6*p(o). Let s = -24 - -40. Let u be b(s). Calculate q(u).
0
Let n(g) = g**3 - 5*g**2 - 7*g - 7. Let l be (-90)/(-8) + (-10)/8. Let i(d) = -2*d**3 + 20*d**2 - 4*d + 47. Let r be i(l). Give n(r).
42
Let q(m) be the first derivative of -9*m**2/2 + 195*m + 7100. Determine q(23).
-12
Let r(l) be the third derivative of -l**6/720 + l**5/12 + 23*l**4/8 - l**3/3 + 3*l**2 - 5*l. Let z(s) be the second derivative of r(s). Give z(9).
1
Suppose -q + 21 = -3*r, -5*q + 82 + 83 = -3*r. Let a = q - 31. Let j(p) = 0*p + a*p - 4*p + p. Give j(5).
10
Suppose 2*q + a - 13 = 19, 4*q - 78 = 5*a. Suppose q*g = 73 - 107. Let m(n) = -5*n**2 + n - 2. Calculate m(g).
-24
Let k(b) = 3*b**3 + 48*b**2 + 13*b + 12. Let p be k(-15). Let t(v) = 2*v + 253 + 266 - p. Determine t(-11).
5
Let c(r) be the second derivative of -1/12*r**4 + 1 - 48*r - 9/2*r**2 + 3/2*r**3. Give c(6).
9
Let v be 1*((-4)/(-14) + 12670/(-98)). Let h = -126 - v. Suppose -h*w - 19 = 3*i + w, 0 = -3*i + 5*w - 37. Let o(n) = n + 6. Calculate o(i).
-3
Let j(d) = -2*d**3 + 15*d**2 - 5*d - 13. Let h(p) = 627*p + 5650. Let m be h(-9). Determine j(m).
1
Let b(w) = -15*w**2 + 1452 + 17*w**2 + 1453 - 2903. Give b(-1).
4
Suppose -3*v - l + 20 = -6*v, 0 = -l + 2. Suppose 61 = -8*u + 21. Let n(o) = 2*o + 32. Let h(f) = -f - 15. Let a(s) = u*h(s) - 2*n(s). Give a(v).
5
Suppose 523*c - 526*c - 2*v + 24 = 0, -5*c - 4*v = -44. Let n(a) be the first derivative of c*a**2 + 2*a + 17 + 1/3*a**3. Determine n(-6).
-10
Suppose 0 = 2*f + 2. Let o be (-30)/4 - f/2. Let m(n) be the second derivative of -n**4/12 - 7*n**3/6 - n**2 - 133*n - 35. Determine m(o).
-2
Let x(a) = -7*a - 2. Let p(o) = -o**2 + 27*o + 5. Let w(n) = -p(n) - 5*x(n). Determine w(-7).
-2
Suppose 4 = o - 0*o + 2*i, 5*o - i = -2. Suppose d + 2*q - 2 = o, 0 = -3*d - 8*q + 13*q - 5. Let b(v) = v**2 - v + 3. Give b(d).
3
Let r(o) be the first derivative of 11/2*o**2 - 2/3*o**4 + 31 - 1/20*o**5 + 24*o + 2*o**3. Let i(f) be the first derivative of r(f). What is i(-9)?
-16
Suppose 0 = -6*v + 3*v + 60. Suppose -4*p - v = -5*p. Let j(f) = 10 + p*f - 4*f**2 - 4*f**2 + 0*f**3 - f**3 - 9*f. Calculate j(-9).
-8
Let f(j) = 3*j - 5. Suppose 3*g - 35 = -y - 12, -2*y + 36 = 4*g. Suppose 269 = -y*m + 213. What is f(m)?
-26
Let v(o) be the third derivative of -o**6/120 - o**5/12 - 7*o**4/24 - o**3/3 + 530*o**2. What is v(-3)?
1
Let d(k) = -2*k**2 + 6*k - 6. Suppose -11*o + 8*o - l + 50 = 0, 4*o + 4*l - 64 = 0. Suppose -5*f - 3*u + 57 = o, -2*f = -2*u. Calculate d(f).
-26
Let f(u) = u**3 - 4*u**2 + 6*u - 3. Let m be f(4). Suppose -2*q + 4*q = -5*v + m, -q - 3*v + 12 = 0. Suppose 9 + 3 = q*w. Let z(p) = -p**2 + 5*p - 2. Give z(w).
2
Let m(t) = t**2 - 21*t + 18. Let r be ((-434)/(-93))/((-7)/(-30)). Give m(r).
-2
Suppose 0 = 25*n + 70166 - 70191. Let a(z) = 80*z**2 - z - 1. Calculate a(n).
78
Let l be 4/8 - (-18)/(-4). Let z be 0*(-2 - l)/2. Let i be (z/(-3 - -8))/(-1). Let h(v) = v**2 + v + 10. Give h(i).
10
Let z(r) be the second derivative of r**5/30 - 5*r**4/8 - 5*r**3/3 - 112*r**2 - 36*r. Let x(t) be the first derivative of z(t). What is x(8)?
-2
Let o(f) = -17*f**2 - f - 13. Let i(y) = 8*y**2 + y + 6. Let w(u) = 7*i(u) + 3*o(u). Let g = 1372 + -1374. Calculate w(g).
15
Let l(x) be the first derivative of x**6/120 + x**5/12 - x**4/6 + 2*x**3 + 29*x**2/2 + 133. Let z(n) be the second derivative of l(n). Calculate z(-6).
0
Let o(k) be the second derivative of k**4/12 + k**3 - 7*k**2/2 + 34*k. Let i be (-2)/(-3) - (6 - 110/6). Let c = i + -19. What is o(c)?
-7
Let p(x) = -x**3 + 3*x**2 + 7*x**2 + 20*x - 22 - 5*x**2 - 7*x**2 - 18*x**2. Let z be p(-21). Let o(q) = -4*q**3 - 2*q - 1. Calculate o(z).
5
Let p(k) = 5*k + 124517*k**2 + 124514*k**2 + 0*k - 249035*k**2 + 11. What is p(-3)?
-40
Let g be -4 + -1 - ((7 - 52)/(-9) - 4). Let m(x) = -5*x**2 - 20*x - 5. Calculate m(g).
-65
Let f = -634 + 626. Let d(o) = -o**3 - 8*o**2 + o + 1. Give d(f).
-7
Let c(s) = -s**2 - 1 - 77*s - 3 + 82*s - s**3 + 5*s**2. Calculate c(5).
-4
Suppose 126 = 3617*a - 3659*a. Let s(r) = -6*r**2 - 3*r + 5. Let n(v) = -v**2 + 1. Let q(p) = -5*n(p) + s(p). Calculate q(a).
0
Let y(c) be the second derivative of -c**5/20 + c**4/6 - c**3/6 - 3*c**2/2 + 4525*c. Give y(2).
-5
Let h(w) = 21*w**3 - 12*w**2 - 11*w - 40. Let x(n) = 2*n**3 - n**2 - n. Let y(m) = h(m) - 11*x(m). Calculate y(0).
-40
Let r(u) = 3*u**2 - 9*u - 17. Let n be (-1)/((-6)/1 - 143/110*-5). What is r(n)?
13
Let j = 10856 - 10842. Let d(r) = r**3 - 13*r**2 - 17*r + 34. Determine d(j).
-8
Let p(r) = -27*r - 53. Let d(t) = 8*t + 18. Let s(a) = -3*d(a) - p(a). Let q = 2 - 1. Let m be (-1 - 1)*(q + 1). What is s(m)?
-13
Suppose 0 = -3*m - 4*b + 72, 0 = -m - 3*m + 5*b + 65. Suppose 27*n + m = 23*n. Let h(v) = -2 + 3*v - 2*v - 3*v. Calculate h(n).
8
Let l(r) be the first derivative of r**4/4 - 2*r**3 + r**2/2 + 3*r - 2. Let v be (385/(-63) - -6)/1 - 184/(-36). What is l(v)?
-17
Let m(n) = -n**3 - 7*n**2 + n + 7. Let l = -51 - -56. Let o(d) = 6*d**2 - 12*d - 2. Let w be o(l). Let h = w - 95. Calculate m(h).
0
Let l = -25357 + 25361. Let g(k) = -k**2 + 8*k - 9. Let b(u) = -u**2 + 7*u - 8. Let v(x) = 4*b(x) - 3*g(x). Calculate v(l).
-5
Let a be 2/9 + (-498)/54. Let y(n) = n + 20. Calculate y(a).
11
Let d(z) = -6*z**3 - 2*z**2 + 5*z + 2. Let l(g) = -g**3 + g + 1. Let f(x) = d(x) - 4*l(x). Suppose 128*s - 96 + 151 + 201 = 0. Give f(s).
4
Let i(x) = x**3 + 11*x**2 - 26*x + 3. Suppose -d - 37 = -44*j + 41*j, d + 5 = -j. Determine i(d).
3
Suppose 145*w - 160 = 125*w. Let q(v) = -2*v + 1. Let z(s) = 4*s - 2. Let y(a) = w*q(a) + 3*z(a). What is y(8)?
-30
Suppose 220*y + 666 = -2*y. Let w(i) = 38*i - 6. What is w(y)?
-120
Let y(u) be the third derivative of -u**4/2 - 19*u**3/6 - 4*u**2 - 89*u. Calculate y(-2).
5
Let z(a) = -a**2 + 9*a - 3. Suppose -3*k + 56 = -10*k. Let w be k - 2 - -14 - (-6)/2. Give z(w).
11
Let u(b) = 3*b**2 - 39*b - 137. Let k be u(-3). Let j(g) = -g**2 - 2*g + 6. Give j(k).
-57
Let k(m) = m + 9. Suppose -4*s = -2*b - 2, -30*b + 13 = -25*b - 4*s. Determine k(b).
14
Let r(m) = 8*m**3 + 3*m**2 - m + 1. Suppose -13635*a = -13622*a - 13. Calculate r(a).
11
Let o = 18561 - 18517. Let z(m) = -m**3 + 42*m**2 + 86*m + 83. Calculate z(o).
-5
Let x(z) = -21 + 824*z - 1536*z + 707*z. What is x(4)?
-41
Let v(r) = -r - 3. Let k(n) = -7*n - 76. Let f(t) = -k(t) + 5*v(t). Give f(-17).
27
Let z(p) = 50*p**2 + 503*p + 27. Let j be z(-10). Let w(h) = 2*h**3 - h**2 - 4*h - 3. Calculate w(j).
-54
Let y be 30*(0 - 8/(-40)). Let x(d) = d**2 - d. Let w(i) = 3*i**2 + 2. Let n(m) = w(m) - 5*x(m). Let j(g) = g**2 - 1. Let l(s) = j(s) + n(s). Give l(y).
-5
Let m(o) = 8*o**3 - 2*o - 1. Let r(g) = -31*g**3 - 6*g**2 + 9*g + 9. Let s(d) = 4*m(d) + r(d). Give s(4).
-23
Let h(x) = 2*x - 5. Suppose 7*q - 5*c - 55 = 2*q, -5*c - 1 = 4*q. Let u be (-1 - q) + (2 + -2)*1. Give h(u).
-19
Let n(c) be the second derivative of 1/20*c**5 + 0 - 3/2*c**2 + 105*c + 2/3*c**3 - 1/3*c**4. What is n(3)?
0
Let p(y) be the third derivative of y**6/30 - 13*y**5/60 - y**4/24 + y**3/2 + 431*y**2 - 5*y. Determine p(2).
-19
Let k(z) = -z**2 + 3. Let m be (-11)/3 - (-6)/54*-3. Let l be (-126)/189*(m - -1). What is k(l)?
-1
Let g be (8/1)/(31/(186/(-12))) + 2. Let u(p) = -34*p - 69. Determine u(g).
-1
Let i(z) = -2*z + 1. Let w(n) = 2*n**2 - 114*n - 118. Let t(b) = 2*i(b) - w(b). What is t(56)?
8
Let y be 3/(-15) - (-2)/10. Let z be (-1 - 0)*(11 + y). Let l(x) = 3*x + 27. Let o be l(z). Let f(r) = -2*r - 7. What is f(o)?
5
Let r(g) = g**2 + 38*g + 138. Let o be r(-4). Let m be 1*(4/2)/(-2). Let f(q) = -1. Let s(b) = -5*b + 1. Let j(d) = m*s(d) - f(d). Give j(o).
10
Let w(c) = -2*c**3 - 9*c**2 - 4*c + 5. Let m be (-808)/136 - 75/1275. Determine w(m).
137
Let z(c) be the first derivative of -23*c**3/3 + c**2/2 + c + 273. Let j(g) = g**3 + 2*g**2 + 2*g + 3. Let s be j(-2). What is z(s)?
-23
Let p be (-42)/(-28) + 74/(-12) + 12/(-9). Let h(i) = i**3 + 4*i**2 - 3*i + 11. Give h(p).
-43
Suppose -2*d = -53 - 261. Let k = d - 159. Let q(w) be the first derivative of -w**4/4 - w**3 + w**2/2 - 2*w + 2. Determine q(k).
-8
Let s(q) be the first derivative of 0*q - 124 - 3/2*q**2. Give s(-9).
27
Let a(t) = t**2 - 3*t - 3. Let v(p) = -2*p**2 + 1